 + -13034004?
-13024111
In base 14, what is -1173 - 3305b?
-341d0
In base 16, what is -c37ad - -295?
-c3518
In base 3, what is 1 + 100000102202111?
100000102202112
In base 14, what is -9996b3 + -9b?
-999770
In base 14, what is -6 - da6a2?
-da6a8
In base 14, what is -3b5db77 + 1?
-3b5db76
In base 4, what is -220 - 1011331312?
-1011332132
In base 9, what is 3 + 560847610?
560847613
In base 9, what is -1 + 105555454?
105555453
In base 12, what is 71a344 + 13b?
71a483
In base 12, what is -23810 - 1b?
-2382b
In base 5, what is -12412324144 + -2?
-12412324201
In base 10, what is 5832615 - 61?
5832554
In base 12, what is 4b57329 - -6?
4b57333
In base 12, what is 170749a + 0?
170749a
In base 11, what is -118860111 - -5?
-118860107
In base 4, what is -21 + 3123331022?
3123331001
In base 7, what is 6 + -1433650265?
-1433650256
In base 3, what is 212202220 + 101020021?
1021000011
In base 9, what is -41537072 - 10?
-41537082
In base 6, what is 525354 + 4454?
534252
In base 12, what is -110b + 612a?
501b
In base 16, what is -4 - 3ef4c1?
-3ef4c5
In base 8, what is 7224 - 5103?
2121
In base 4, what is -333230132322 + -13?
-333230133001
In base 15, what is aa940e + 0?
aa940e
In base 5, what is -100 + -12343034030?
-12343034130
In base 10, what is -9428 - -518?
-8910
In base 3, what is -102101122 + 100220021?
-1111101
In base 9, what is 3600057 + 30?
3600087
In base 13, what is -12 - 1ac0ac?
-1ac0c1
In base 13, what is -86219 - -80?
-86169
In base 12, what is -15034 + 58?
-14b98
In base 10, what is -8475650 + -41?
-8475691
In base 7, what is -2601 - 6440524?
-6443425
In base 4, what is -20032303111010 - -2?
-20032303111002
In base 10, what is 4750907 + -1?
4750906
In base 14, what is 16569 - 1b2?
16397
In base 13, what is -5 - -ba67b0?
ba67a8
In base 4, what is -3 - 110333333320?
-110333333323
In base 7, what is -2 - 25213622?
-25213624
In base 7, what is -106326653 - 4?
-106326660
In base 7, what is -31 + 11530516?
11530455
In base 13, what is 1b0 - 11b1b?
-1193b
In base 15, what is -12782ed - 0?
-12782ed
In base 11, what is -2 - -882376?
882374
In base 6, what is 3 + -1134423010?
-1134423003
In base 5, what is -2 - -20224331421?
20224331414
In base 16, what is 8c + -aca6?
-ac1a
In base 15, what is addd - -22?
ae10
In base 2, what is -101111010101111101 - -11010?
-101111010101100011
In base 6, what is -4353 - -34125?
25332
In base 5, what is -4 + 2043400303?
2043400244
In base 2, what is -1100111101110100111100 + 100110111?
-1100111101110000000101
In base 4, what is -12011 - -23123101?
23111030
In base 12, what is 2640b301 - -4?
2640b305
In base 9, what is 256817646 - -8?
256817655
In base 6, what is 15141301 - 24?
15141233
In base 16, what is -4 + 19dd218?
19dd214
In base 13, what is -5 - -6a7ab1?
6a7aa9
In base 9, what is -122 + 17467?
17345
In base 2, what is 1110100110111 + -10001011000?
1100011011111
In base 10, what is -2 + -14076300?
-14076302
In base 15, what is 119 - 9a04?
-98da
In base 10, what is 2 + -61317263?
-61317261
In base 4, what is -132120110303 + 11?
-132120110232
In base 10, what is -6533340 + -4?
-6533344
In base 2, what is 10110011110110100010011001 + 1?
10110011110110100010011010
In base 11, what is -691634 + 6?
-691629
In base 5, what is 1140212 - 14210?
1121002
In base 3, what is -1 + -22001101201110?
-22001101201111
In base 9, what is -24 + -255233?
-255257
In base 16, what is 3 - -419d1d?
419d20
In base 15, what is 55d - -70ded?
7145b
In base 15, what is 17b8b - 98?
17ae3
In base 3, what is -10021211111121 + -20022?
-10021211201220
In base 4, what is -320023222 + 211233?
-313211323
In base 7, what is -14051 + -226600?
-243651
In base 15, what is -671 + -135?
-7a6
In base 3, what is 0 - 110101121221220?
-110101121221220
In base 10, what is -6029818 - -3?
-6029815
In base 12, what is 2118 - -1008?
3124
In base 6, what is -450 + 33454540?
33454050
In base 11, what is 0 + 1965689?
1965689
In base 10, what is -92851 - -77?
-92774
In base 6, what is 1403 + -30014344?
-30012541
In base 11, what is -21307 + 382?
-20a35
In base 12, what is 108 + 20098?
201a4
In base 16, what is 6b7a + 3e?
6bb8
In base 8, what is -2372 + -453362?
-455754
In base 5, what is -14021043 - 244?
-14021342
In base 10, what is -2526618 + -7?
-2526625
In base 16, what is -34 - -577a?
5746
In base 2, what is -101101101110001110101011 - -11?
-101101101110001110101000
In base 13, what is 43 + -297302?
-29728c
In base 9, what is 414415 + 2053?
416468
In base 12, what is -2aa0a60 + 3?
-2aa0a59
In base 11, what is 956334 + -6?
956329
In base 7, what is -62325211 - -34?
-62325144
In base 16, what is 7b628 + 0?
7b628
In base 6, what is 11 + -152320143?
-152320132
In base 3, what is -1000 - -211212201100?
211212200100
In base 12, what is -51bb5a3 + 1b?
-51bb584
In base 7, what is 3635 + -1226?
2406
In base 16, what is 2f96 - 304b?
-b5
In base 12, what is -b32424 - -9?
-b32417
In base 14, what is 20c + cd9a0?
cdbac
In base 7, what is 60006 + 202432?
262441
In base 14, what is 56b + 44a9?
4a36
In base 4, what is 200123232210 + 2?
200123232212
In base 2, what is 1 + -100111000001111001011100111?
-100111000001111001011100110
In base 16, what is -2b7a2 - -e?
-2b794
In base 15, what is 1 + 104d5ed2?
104d5ed3
In base 11, what is -54195 - 18a?
-54374
In base 2, what is -10011001001 - -1111011000100?
1100111111011
In base 3, what is 11011010121202 + 0?
11011010121202
In base 12, what is 3b82336 - -4?
3b8233a
In base 4, what is -302313 + 122102233?
121133320
In base 2, what is -10110001110001100011001 - -11?
-10110001110001100010110
In base 11, what is 21500003 + -4?
214aaaaa
In base 15, what is -3683d - -2?
-3683b
In base 3, what is -1200100 - 212020101?
-220220201
In base 5, what is -10 + -20044341332?
-20044341342
In base 11, what is 172951 - 216?
172736
In base 5, what is -2000400 - 123?
-2001023
In base 10, what is -5266 + -141149?
-146415
In base 14, what is -3 + d160db?
d160d8
In base 9, what is 1 + -468613041?
-468613040
In base 2, what is -1000100001 + 11100110010?
10100010001
In base 9, what is 21426 - -58327?
80754
In base 8, what is 251 + -3150?
-2677
In base 4, what is -1101103332111 - -10?
-1101103332101
In base 9, what is 2 - 3147066?
-3147064
In base 8, what is 1430134 + -164?
1427750
In base 4, what is -21133010 + 10230130?
-10302220
In base 14, what is -7c6 - 183cd9?
-1846c1
In base 8, what is -1340 + -3334?
-4674
In base 5, what is -12 + -1113001404?
-1113001421
In base 9, what is -104404 - 131?
-104535
In base 7, what is 3 - -1522521661?
1522521664
In base 4, what is 2103021122021 + 11?
2103021122032
In base 5, what is 111134330 + -40?
111134240
In base 2, what is 1 - 100011010101100010101001?
-100011010101100010101000
In base 11, what is -1769401 - 3?
-1769404
In base 9, what is 2556815 + -1?
2556814
In base 2, what is 1011 - 111001100100101100001?
-111001100100101010110
In base 2, what is 100001110111110111 + -100000?
100001110111010111
In base 4, what is -3112221211 + -122?
-3112221333
In base 11, what is 5 + 1713399?
17133a3
In base 2, what is -100 + -1011111110111011001?
-1011111110111011101
In base 16, what is 2bfe - 6?
2bf8
In base 9, what is -14671 - 241?
-15022
In base 2, what is -1010101010010111101001 - -11100?
-1010101010010111001101
In base 10, what is 3391 - 2707?
684
In base 3, what is -20101111020 - 1021211?
-20102210001
In base 16, what is 20c + 20d7?
22e3
In base 9, what is 8135 - -1036?
10172
In base 8, what is -276 + 3715326?
3715030
In base 7, what is 20 - 1334342?
-1334322
In base 12, what is -405 - -5943?
553a
In base 14, what is -97 - 186dc8?
-187081
In base 12, what is 35 - 39a0a1?
-39a068
In base 16, what is 6807e9e + 0?
6807e9e
In base 10, what is 4 - -3681753?
3681757
In base 6, what is 31102 + 4435?
35541
In base 8, what is -416 - 456020?
-456436
In base 4, what is -11 + -113030130?
-113030201
In base 10, what is -1 - 3077778?
-3077779
In base 8, what is -341247 + 32654?
-306373
In base 2, what is 10110011000010100011010000011 + -1?
10110011000010100011010000010
In base 10, what is -1 + -58384711?
-58384712
In base 7, what is -103122 - -26025?
-44064
In base 2, what is 111111100 - -100000010000?
101000001100
In base 14, what is 34 - -1a3abab?
1a3ac01
In base 5, what is 142 - 22013104?
-22012412
In base 4, what is -333 + -20201311230